Suppose -4*z + 0*z = -l. What is the remainder when z is divided by h(1)?
3
Suppose 3*h = 6 + 6. Suppose -3*s = s - 20. Suppose w - 135 = -h*w - 4*i, 4*w - s*i = 67. Calculate the remainder when w is divided by 12.
11
Suppose 142 = 2*z + x, 4*x = -4*z - 51 + 339. What is the remainder when z is divided by 25?
20
Suppose 0 = -5*m + 9*m. Suppose -3*c + 13 + 74 = m. Let n = -21 - -36. What is the remainder when c is divided by n?
14
Let w be (-2)/(-8) - (-9)/12. Suppose -2*z - 3 = -w, 0 = 4*t + 2*z - 46. Let a(y) = 6*y - 1. Calculate the remainder when a(4) is divided by t.
11
Let m = 13 + 36. Let q(k) = k**2 + 6*k + 18. What is the remainder when m is divided by q(-5)?
10
Let a(v) = 18*v - 5. Calculate the remainder when a(3) is divided by 13.
10
Suppose 4*m - 5*m = -77. Calculate the remainder when m is divided by 16.
13
Let b be -21*-1*(-1)/(-3). Let r(x) = x**2 - 5*x - 8. Calculate the remainder when r(b) is divided by 3.
0
Suppose -4*j = -8 - 12. Let m = j - 4. Calculate the remainder when 26 is divided by 8/1 - (-1)/m.
8
Suppose -25 = -2*z + 23. Suppose -1 = -x + z. What is the remainder when x is divided by 9?
7
Let k be 34 + -1 - 0/(-3). Let x = k - 21. What is the remainder when 35 is divided by x?
11
Let x = -3 - -5. Suppose 5*o = -3*t + 11, -x*t = 4*o - 4 - 4. Calculate the remainder when (3/(-3))/((-2)/6) is divided by t.
1
Suppose -93 = 5*v - 308. Let i = 2 + 12. Suppose 0 = 2*s - 16 - i. What is the remainder when v is divided by s?
13
Let d be ((-2)/(-6))/((-4)/(-36)). Suppose s - 20 = -2*p + 12, d*s - 4*p = 86. Calculate the remainder when s is divided by 16.
14
Let o(a) = a**3 + 7*a**2 - 11*a - 3. Calculate the remainder when 37 is divided by o(-8).
16
Suppose -3*k + 60 = -57. Let x be (-5)/(-2)*104/20. Suppose 2*q = -3*c + 19, 2*q - x = 4*c + 27. Calculate the remainder when k is divided by q.
11
Suppose n = -0*n + 69. Calculate the remainder when n is divided by 18.
15
Suppose 2*z - 3*j = 21, -5*j = z - j + 17. What is the remainder when 20 is divided by (-20)/(-3) + 1/z?
6
Let j = 25 + -12. What is the remainder when j is divided by 5?
3
Suppose -2*l + 3 = -3. What is the remainder when 34 is divided by ((-54)/4)/(l/(-4))?
16
Suppose -4*i = i. Suppose -u + i*u = -18. Let j = -17 - -27. Calculate the remainder when u is divided by j.
8
What is the remainder when 3/(-12) + (-452)/(-16) is divided by 6?
4
Calculate the remainder when -7*1*(5 + -6) is divided by 2.
1
Suppose 78*x - 79*x = -33. Calculate the remainder when x is divided by 23.
10
Let u be (6 + -4)*-2*1. Let y be 3*u*(-2)/12. What is the remainder when 23 is divided by (y - 34/4)*-2?
10
Let o = 2 + 0. What is the remainder when 122/3 - o/(-6) is divided by 14?
13
Let r(c) = 4*c**2 + 13*c**2 - 13*c**2 - 3*c + 2. Calculate the remainder when 71 is divided by r(2).
11
Let j(i) = 3*i + 18. Calculate the remainder when 52 is divided by j(0).
16
Suppose 0*t + 6 = 2*t. Suppose 4 + 2 = t*f. Suppose j - 4 + 0 = 0. What is the remainder when j is divided by f?
0
Let i = 1 + 4. Calculate the remainder when i is divided by 4.
1
Suppose -3*b - 5*t - 55 = 0, -6*b = -b - 4*t + 104. Let y = b + 36. Suppose 2 = 4*l - 22. Calculate the remainder when y is divided by l.
4
Suppose x - 32 = -4*r, 4*r + 0*r + 80 = 3*x. Suppose 2*d - 10 = 7*d, 2*t = -4*d + x. Let u = 38 - t. What is the remainder when 58 is divided by u?
18
Suppose -y = -4*t + 19, 0*t + 2*t = -2*y + 2. Suppose 2*m - 100 = -2*k, -t*k = -2*k - m - 85. Calculate the remainder when k is divided by 23.
22
Let g = 25 + -11. What is the remainder when 52 is divided by g?
10
Suppose 0 = -5*u + 3*j - 6, 6 = 3*j. Calculate the remainder when 1 + 8 + 0 + u is divided by -2*((-5)/2)/1.
4
Let y be (6/4)/(6/88). What is the remainder when 31 is divided by y*(1/2 + 0)?
9
Let a = 28 + -9. Calculate the remainder when 74 is divided by a.
17
Suppose -j - 4*j - o = -7, 5*j - 2*o - 16 = 0. Suppose -36*m = -34*m - 2. What is the remainder when j is divided by m?
0
Suppose -4*l + 3*f = -70, 2*l - 3*l + 22 = -3*f. Calculate the remainder when 30 is divided by l.
14
Suppose 0 = 4*c - 117 - 99. What is the remainder when c is divided by 19?
16
Let u(i) = i**2 + 7*i + 6. Let g be u(-6). Let f(p) = g*p - 6*p + 5*p + 13. What is the remainder when 10 is divided by f(7)?
4
Suppose 3*z + 0*z - 6 = 3*t, -2*t + 14 = 4*z. Calculate the remainder when 1/((-3)/2 + 99/54) is divided by z.
0
Suppose 2*k - 3*b = -2, 0 = 4*k + 5*b - 24 + 6. What is the remainder when 28/(2/k) + 3 is divided by 11?
9
Suppose 5*r - 5*f - 15 = -f, -2*f + 10 = 0. Let c(k) = k**3 - 8*k**2 + 9*k - 4. Calculate the remainder when c(r) is divided by 4.
2
Suppose -3*n + s + 14 = -9, 11 = 3*n - 4*s. Suppose 5 = o + 1. Let x = n + o. Calculate the remainder when x is divided by 7.
6
What is the remainder when (432/(-56))/((-1)/7) is divided by 14?
12
Calculate the remainder when 53 is divided by ((-76)/(-10))/((-18)/(-45)).
15
Let f(j) = -j - 5. Let u be f(-5). Suppose -q = -u - 3. Suppose 0 = -q*h + 8*h - 220. Calculate the remainder when h is divided by 15.
14
Let r = 129 - 72. What is the remainder when r is divided by 20?
17
Let p(s) = -3*s - 9. Let n be p(-5). What is the remainder when 5/4 + n/8 is divided by 1?
0
Let u = 45 - 30. Let d = -3 - -12. Let w(r) = r**3 - 10*r**2 + 10*r - 1. Calculate the remainder when u is divided by w(d).
7
Let v(s) = -s**2 - 4*s + 2. Let u be v(-6). Let w be (4/u)/((-5)/225). Let z = w - 3. What is the remainder when 44 is divided by z?
14
Let p(n) be the second derivative of n**4/12 + 3*n**3/2 - 3*n**2/2 + 2*n. Calculate the remainder when 25 is divided by p(-10).
4
Suppose -25 + 1 = -3*p. Suppose -v - p + 29 = 0. What is the remainder when 63 + (-3 - (3 - 4)) is divided by v?
19
Let v(j) = -31*j**3 - 3*j**2 + j + 3. What is the remainder when 82 is divided by v(-1)?
22
Let t be (-1)/5 + 84/20. Let f = 5 - t. Let b(z) = z + 2. Calculate the remainder when b(-1) is divided by f.
0
What is the remainder when 87 is divided by 7 + -11 - -13*(-4)/(-2)?
21
Let n = -6 + 11. Suppose 2*b - 258 = -2*y, -197 = -2*b - n*y + 46. Calculate the remainder when 38 is divided by b/10 + 6/(-15).
12
Let w(m) = -m**3 - 4*m**2 - 2*m. What is the remainder when w(-5) is divided by 9?
8
Let x(l) = l**3 + 6*l**2 + 2*l - 5. Let d be x(-4). Suppose -2*m + d = q + m, 5*q - 5*m = 175. Calculate the remainder when q is divided by 17.
14
Let h = -7 + 9. Suppose 3*u = 6, -3*q - h*u - 42 = -10. Calculate the remainder when 31 is divided by (-124)/q - (-4)/6.
9
Let r be 63/12 + (-3)/12. Suppose r + 11 = h. What is the remainder when 30 is divided by h?
14
Let q(n) = -5*n - 4*n + 1 + 3*n - 2*n - n**2. What is the remainder when 36 is divided by q(-6)?
10
Let c = 0 - -3. What is the remainder when 4 is divided by c?
1
Let h(l) = l - 2. Let v = -14 + 17. Calculate the remainder when h(7) is divided by v.
2
Let c = 53 - 10. Let z = c - 28. Suppose h + z = 2*h. What is the remainder when h is divided by 8?
7
Let n be 48/(2/(-20)*-4). Suppose -2*q - 2*r + n = 0, q + 2*r - 37 = 28. What is the remainder when q is divided by 19?
17
Let b = 55 - 30. Suppose 5*u - 2*n - 18 = 72, -5*n = -b. Calculate the remainder when 39 is divided by u.
19
Let f(t) = -t**2 + 12. Let a be f(0). Let m = a - -25. What is the remainder when 2*(-4)/((-8)/m) is divided by 19?
18
Suppose -4*c - 37 = -2*s + c, 0 = 3*s - 5*c - 58. What is the remainder when (0 - -3)/3 + 81 is divided by s?
19
Suppose -6*z + 335 - 35 = 0. What is the remainder when z is divided by 18?
14
Let y = -18 + 31. Let t(m) = 2*m**2 + 4*m - 4. Let r(n) = 5*n**2 + 13*n - 11. Let l(d) = -4*r(d) + 11*t(d). Calculate the remainder when l(6) is divided by y.
11
Let u = 11 - -2. Calculate the remainder when 19 is divided by u.
6
Let h(p) = p + 3. What is the remainder when 21 is divided by h(2)?
1
Suppose -97 - 56 = 3*f. Suppose -3*j - 22 - 52 = -2*x, 4*x = -8. Let d = j - f. What is the remainder when d is divided by 13?
12
Suppose 88*q - 109*q = -315. Suppose 276 = 4*m + 5*y - y, 158 = 2*m - 3*y. Suppose 185 - m = 4*t. What is the remainder when t is divided by q?
13
Let r = 8 - -4. Let d(x) = x**3 - x. Let j be d(0). Suppose j = 5*o - 2*o + 5*y - 91, -o = 5*y - 47. What is the remainder when o is divided by r?
10
Let w(y) = -y**3 + 11*y**2 - 1